 is the remainder when 6545 is divided by 1304?
25
Calculate the remainder when 667519 is divided by 66.
61
What is the remainder when 6928 is divided by 42?
40
What is the remainder when 23691 is divided by 78?
57
Calculate the remainder when 26303 is divided by 79.
75
What is the remainder when 60477 is divided by 360?
357
What is the remainder when 1062085 is divided by 113?
111
Calculate the remainder when 163222 is divided by 81544.
134
What is the remainder when 50047 is divided by 262?
5
Calculate the remainder when 488455 is divided by 59.
53
What is the remainder when 17394 is divided by 14?
6
Calculate the remainder when 25226 is divided by 8020.
1166
Calculate the remainder when 124431 is divided by 707.
706
Calculate the remainder when 92350 is divided by 705.
700
Calculate the remainder when 97256 is divided by 48626.
4
Calculate the remainder when 1717377 is divided by 47.
44
What is the remainder when 1179 is divided by 78?
9
Calculate the remainder when 4304 is divided by 1772.
760
Calculate the remainder when 990940 is divided by 1805.
1800
What is the remainder when 7222 is divided by 17?
14
What is the remainder when 1783 is divided by 376?
279
Calculate the remainder when 183 is divided by 6.
3
Calculate the remainder when 8617 is divided by 17.
15
Calculate the remainder when 40991 is divided by 48.
47
Calculate the remainder when 4583 is divided by 184.
167
What is the remainder when 1112884 is divided by 69?
52
What is the remainder when 9459 is divided by 443?
156
What is the remainder when 2486 is divided by 41?
26
Calculate the remainder when 4890 is divided by 659.
277
What is the remainder when 112531 is divided by 72?
67
Calculate the remainder when 3129 is divided by 516.
33
Calculate the remainder when 348402 is divided by 126.
12
Calculate the remainder when 1918 is divided by 914.
90
Calculate the remainder when 5437 is divided by 1247.
449
What is the remainder when 2941 is divided by 1448?
45
Calculate the remainder when 132856 is divided by 111.
100
What is the remainder when 309118 is divided by 2?
0
Calculate the remainder when 247090 is divided by 177.
175
Calculate the remainder when 408742 is divided by 15138.
16
Calculate the remainder when 21957 is divided by 18.
15
Calculate the remainder when 16976 is divided by 2425.
1
What is the remainder when 98807 is divided by 291?
158
Calculate the remainder when 421 is divided by 383.
38
What is the remainder when 296756 is divided by 722?
14
Calculate the remainder when 369283 is divided by 52744.
75
Calculate the remainder when 673208 is divided by 1650.
8
Calculate the remainder when 54599 is divided by 100.
99
Calculate the remainder when 4012 is divided by 1287.
151
Calculate the remainder when 468843 is divided by 192.
171
What is the remainder when 5838 is divided by 40?
38
Calculate the remainder when 96777 is divided by 1326.
1305
Calculate the remainder when 550587 is divided by 208.
11
What is the remainder when 103666 is divided by 636?
634
Calculate the remainder when 142726 is divided by 29.
17
Calculate the remainder when 1956 is divided by 66.
42
What is the remainder when 105822 is divided by 3112?
14
What is the remainder when 794936 is divided by 327?
326
What is the remainder when 17379 is divided by 2474?
61
What is the remainder when 149898 is divided by 105?
63
Calculate the remainder when 102773 is divided by 102742.
31
Calculate the remainder when 759 is divided by 444.
315
What is the remainder when 14934 is divided by 4?
2
Calculate the remainder when 3278 is divided by 3269.
9
What is the remainder when 18764 is divided by 18730?
34
Calculate the remainder when 29626 is divided by 53.
52
What is the remainder when 154750 is divided by 96?
94
What is the remainder when 257828 is divided by 80?
68
What is the remainder when 2074 is divided by 361?
269
Calculate the remainder when 28699 is divided by 28.
27
Calculate the remainder when 904 is divided by 37.
16
What is the remainder when 79844 is divided by 24?
20
What is the remainder when 1833029 is divided by 558?
557
What is the remainder when 669887 is divided by 44?
31
Calculate the remainder when 114907 is divided by 389.
152
Calculate the remainder when 12611965 is divided by 74.
71
Calculate the remainder when 2099 is divided by 33.
20
What is the remainder when 1525 is divided by 1495?
30
What is the remainder when 170930 is divided by 4748?
2
Calculate the remainder when 12398 is divided by 6186.
26
What is the remainder when 349 is divided by 130?
89
Calculate the remainder when 4023 is divided by 1580.
863
What is the remainder when 255 is divided by 51?
0
What is the remainder when 136650 is divided by 45534?
48
Calculate the remainder when 55859 is divided by 532.
531
Calculate the remainder when 197 is divided by 72.
53
Calculate the remainder when 58439 is divided by 78.
17
Calculate the remainder when 1961 is divided by 961.
39
What is the remainder when 10709 is divided by 499?
230
Calculate the remainder when 2015 is divided by 148.
91
What is the remainder when 29792 is divided by 5928?
152
What is the remainder when 2949 is divided by 977?
18
Calculate the remainder when 1977 is divided by 992.
985
Calculate the remainder when 436 is divided by 5.
1
Calculate the remainder when 4656 is divided by 37.
31
What is the remainder when 15518 is divided by 908?
82
What is the remainder when 75296 is divided by 5?
1
Calculate the remainder when 203981 is divided by 19.
16
What is the remainder when 872204 is divided by 290731?
11
What is the remainder when 67444 is divided by 22470?
34
What is the remainder when 2966 is divided by 493?
8
Calculate the remainder when 274 is divided by 150.
124
What is the remainder when 18138 is divided by 43?
35
Calculate the remainder when 335017 is divided by 113.
85
What is the remainder when 390873 is divided by 25?
23
Calculate the remainder when 14073 is divided by 461.
243
Calculate the remainder when 28410 is divided by 1235.
5
Calculate the remainder when 140892 is divided by 40.
12
What is the remainder when 104339 is divided by 77?
4
Calculate the remainder when 10619 is divided by 21.
14
Calculate the remainder when 5642135 is divided by 648.
647
Calculate the remainder when 370143 is divided by 46266.
15
Calculate the remainder when 147 is divided by 44.
15
Calculate the remainder when 9984 is divided by 4973.
38
What is the remainder when 2960 is divided by 1206?
548
What is the remainder when 25063 is divided by 6264?
7
What is the remainder when 1973272 is divided by 29?
25
What is the remainder when 223330 is divided by 128?
98
Calculate the remainder when 2223 is divided by 444.
3
What is the remainder when 739 is divided by 190?
169
Calculate the remainder when 426166 is divided by 1861.
1858
What is the remainder when 44764 is divided by 164?
156
What is the remainder when 42943 is divided by 488?
487
What is the remainder when 33812 is divided by 1610?
2
Calculate the remainder when 29753 is divided by 141.
2
Calculate the remainder when 995 is divided by 59.
51
What is the remainder when 430729 is divided by 19?
18
Calculate the remainder when 12917 is divided by 402.
53
What is the remainder when 49153 is divided by 29?
27
What is the remainder when 3431 is divided by 1081?
188
What is the remainder when 88085 is divided by 1257?
95
What is the remainder when 35915 is divided by 67?
3
What is the remainder when 4123 is divided by 91?
28
Calculate the remainder when 5762 is divided by 348.
194
Calculate the remainder when 35562 is divided by 158.
12
What is the remainder when 2916574 is divided by 988?
986
What is the remainder when 5788 is divided by 32?
28
Calculate the remainder when 543317 is divided by 904.
13
What is the remainder when 3311 is divided by 76?
43
Calculate the remainder when 28785 is divided by 901.
854
Calculate the remainder when 3820 is divided by 49.
47
What is the remainder when 261738 is divided by 230?
228
Calculate the remainder when 1555 is divided by 759.
37
Calculate the remainder when 31183 is divided by 135.
133
Calculate the remainder when 34070 is divided by 1.
0
What is the remainder when 528197 is divided by 9?
5
Calculate the remainder when 783906 is divided by 79.
68
Calc